+ (3 + -7 - -2)?
1
Calculate (-4 - 1) + 13 - 3.
5
What is the value of 0 - -3 - (0 + -1)?
4
What is the value of 1 - -4 - (-15 + 36 + -18)?
2
Calculate -4 - (3 + 11) - -15.
-3
What is the value of (-12 - 8) + (6 - -6)?
-8
Calculate (-11 - (1 + -7)) + 5.
0
What is 5 + (2 - -3) + -13 + 3?
0
Evaluate (-9 - -14) + -1 + -2.
2
Calculate -4 - (-8 - (0 + -6)).
-2
-8 - (-7 - (-2 + 4))
1
What is 6 - (31 - 27 - (-1 + 3))?
4
Calculate -3 - -7 - (-4 + 0 + 4).
4
Calculate -4 + (3 - (6 + -3)).
-4
(1 - (2 + 2)) + (-2 - 0)
-5
Calculate (1 - (4 - (7 - 4))) + 4.
4
1 + -21 + 11 - -17
8
Calculate 9 - 10 - (8 + -17).
8
What is (1 - (-3 - -2)) + (-64 - -65)?
3
What is 9 - (6 - (7 + -6))?
4
8 - (9 - (-9 - -10))
0
Evaluate (-7 - -5) + -1 + -1 - -10.
6
Evaluate (-27 - -55 - 25) + (7 - -1).
11
What is the value of 13 + -17 + 10 + -8?
-2
Calculate (2 - -5 - 8) + -5 + -2.
-8
What is the value of -4 - (18 + -12) - -5?
-5
-3 + 4 + (-1 - 1)
-1
(1 - 4) + -3 + 2 - 3
-7
Evaluate -6 + (1 - -1) - (5 - 4).
-5
Calculate 2 + -2 - (3 + -6).
3
What is 1 - (-3 + 0) - (-7 + 7)?
4
Calculate (-8 - -32) + -9 + 0 + -8.
7
What is 3 - (16 + -7) - -12?
6
Evaluate -11 + 1 + 11 + -5 + -1.
-5
Calculate (3 - 3) + (-1 - 4).
-5
29 - 33 - (-2 - -1 - 4)
1
What is the value of -2 + -4 - (-13 - -2)?
5
Calculate (10 - -4) + -27 - -19.
6
Calculate 1 + -2 - (5 - 9).
3
What is 1 - (-1 + -4 - -3)?
3
What is (2 - 4) + -1 + 5?
2
Calculate (-4 - -9 - 6) + -1 + 0.
-2
Calculate 1 + -8 + 0 - -2.
-5
What is -8 - (5 - 10 - -2)?
-5
-2 - (-1 + (15 - 8))
-8
What is -2 - 0 - (-1 - 3)?
2
Calculate -4 + (7 + -4 - -3) + 2.
4
Evaluate -93 - -85 - (-6 - -1).
-3
Evaluate 0 + (6 - 11) - -7.
2
What is (-3 - 1) + 4 + 3 + 2?
5
Calculate (-4 + 14 - 7) + 1.
4
Calculate -3 + 6 + -4 + -2.
-3
What is the value of 6 + (-5 - -11) + -8 + -4?
0
6 + (3 - -4) + -10
3
0 + 2 + (-24 - -10) + 19
7
-23 + 29 - (-1 - -14)
-7
What is -3 + (4 + -1 - (5 - 5))?
0
What is the value of -1 + 2 + -2 - (-66 + 73)?
-8
What is 7 - (12 - 3) - (-7 - 0)?
5
What is 2 - (3 - (-2 + -2 + 6))?
1
Evaluate -5 + (-3 - -3) - -9.
4
What is 4 + (-8 - 0) - (-3 - 2)?
1
Evaluate -3 - ((-93 - -94) + (-7 - 0)).
3
What is 2 + (-5 - 4 - -6)?
-1
Calculate 0 + (-9 - 2) - -9.
-2
-4 - (7 + -4) - (4 - 2)
-9
What is -4 + -10 + 24 + -7?
3
What is -7 + 0 + 5 + 0 + -2?
-4
What is the value of 0 + 4 - (-10 - 4 - -14)?
4
What is the value of -1 + -2 - (-1 + (3 - 3))?
-2
What is the value of (-2 + 3 - 2 - -3) + 2?
4
What is the value of 2 + (-9 - -16) - (2 + 1)?
6
Evaluate (-2 + 5 - 3) + -2.
-2
What is -1 - (1 + 1 - (-2 - -3))?
-2
What is -6 + (-1 - -3) - (-3 + 4)?
-5
What is 4 - 6 - (-4 + 0)?
2
What is the value of 0 + 0 + (-23 - -8 - -8)?
-7
Calculate -15 + 9 + (-15 - -11).
-10
What is the value of 0 + 4 + (41 - 44)?
1
What is -7 + 4 + 3 + 2?
2
5 + (-9 - -3) - 2
-3
Calculate (0 - 1) + 21 + (15 - 35).
0
Calculate -2 - (5 + -2 + -8 + 7).
-4
What is the value of 4 + -1 - (6 - 5) - -1?
3
Evaluate 3 - 2 - 0 - (-7 - -9).
-1
Evaluate -3 + (1 - (-1 + -2)).
1
(4 + -1 - 3) + -8 - -3
-5
What is the value of 2 + 0 + -1 + -2 + 2?
1
What is 6 + (-9 - -2) - 5?
-6
Calculate 1 + 1 + (5 - 3) + -5.
-1
1 - -6 - (-1 - -4)
4
What is the value of (6 - -2 - 10) + 3 + 1?
2
Calculate -8 + (-17 + 4 - -13).
-8
Evaluate -2 + 0 - (1 + 2).
-5
Evaluate -3 - (5 + (-11 - -2)) - 3.
-2
Calculate (2 - (1 - 1)) + -4 + 1.
-1
Calculate -8 + 3 + 2 + 1 + -1.
-3
5 - (-23 - -39 - (7 - 2))
-6
What is -4 - (-5 - -3 - 2)?
0
What is the value of -15 - (-7 - (-6 - -10) - -4)?
-8
Calculate 1 + (-6 - -3) + 3.
1
What is the value of -2 - (3 - 0 - (-2 + 7))?
0
What is 2 + -7 - (6 + -6)?
-5
2 - (8 + 4 + -20 + 15)
-5
Calculate 0 + -1 - (-4 + 2 - 2).
3
(-7 - (1 - 5)) + 3
0
Calculate (-3 - -6) + (-26 - -6 - -8).
-9
What is -9 + 7 + -5 + -1?
-8
What is (-10 - -7) + (0 + 2 - -4)?
3
Evaluate (-7 - -4) + 3 - 3.
-3
Calculate -147 + 141 + 1 + (2 - -8).
5
What is the value of -6 - (-2 + 3 - 5)?
-2
What is 0 + (0 - 1) + -54 + 60?
5
What is 5 + -3 + 1 + -3 + -5?
-5
What is (1 - -3 - (-4 - -3)) + -8?
-3
-4 - (-5 + 3) - -2
0
Evaluate (4 - 3) + (1 - -2).
4
What is -52 + 56 + (0 - 2)?
2
Calculate 9 + -7 + 1 + -2.
1
Calculate 6 + -8 + -3 + 2 + 5.
2
Calculate -1 - (0 + (-3 - 4) - -2).
4
3 + -2 + 2 - 4
-1
What is the value of -4 + 3 + 1 - -4 - 4?
0
What is 2 - (-5 + (4 - (4 + -5)))?
2
What is the value of -1 - (4 - 11) - 3?
3
What is (2 - (-5 + (2 - -2))) + 0?
3
What is the value of 7 + -12 + 9 + (-3 - -1)?
2
(-1 - 0) + 7 - (1 - 1)
6
Calculate (-7 - (3 + -14)) + 4.
8
Evaluate -2 + (-7 - -6) + (0 - 1).
-4
-6 + 2 + -1 + (-6 - -9)
-2
What is the value of 4 + (9 - 11) - (1 - -5)?
-4
Calculate (3 - 3 - (2 + 1)) + 3.
0
What is the value of (-1 - (-14 - -17)) + (1 - 5)?
-8
(11 - 3) + (3 - 7)
4
Calculate (4 - -7 - 13) + 11.
9
What is the value of 0 + -1 + (9 + -18 - -5)?
-5
(-7 + -4 - -2) + 17
8
What is 1 - 0 - ((-3 - -11) + -3)?
-4
What is 10 - (10 - (7 + -4))?
3
Calculate -3 - (1 + 1 - 5).
0
Calculate 4 + -6 - -6 - (-2 + 11).
-5
-6 + 5 + 1 + -4
-4
Evaluate 1 + (7 - 5) + -1 - -2.
4
-12 - -30 - 11 - (12 - 0)
-5
Calculate -1 + 0 + (1 - (-2 + 5)).
-3
What is 17 + 0 + (-6 - 5)?
6
(18 - 52) + 25 - (-5 + 0)
-4
-4 + 2 + 1 - -1
0
Evaluate -7 - (4 - (8 + 3 + -5)).
-5
20 - 4 - (1 + 8)
7
What is 16 - 8 - (0 + 0 + 4)?
4
What is the value of -5 + (0 + -7 - -13)?
1
Evaluate (4 - (-5 - -2)) + -3 + 5.
9
Calculate -98 + 90 - (-10 - 0).
2
What is the value of 1 + 6 + (-2 - -3) + -3?
5
Calculate 4 + -2 + -4 + -1.
-3
1 + -9 + (10 - 6) + 12
8
What is the value of -1 - (-6 - (-4 + 1))?
2
-2 - (-3 - (-2 - -1))
0
Calculate -8 + -6 + 19 + 3.
8
What is the value of 3 + (2 - (3 + -1) - 8)?
-5
Calculate 6 + -8 + 2 + 0.
0
What is 1 + -2 + -2 + 3?
0
What is the value of 1 - (-5 - -8 - 0)?
-2
7 - (7 + 2 + -6)
4
What is the value of (1 - 3) + 2 - (-9 + 10)?
-1
What is the value of (-6 - -2) + -10 + 11?
-3
What is -1 - 0 - (2 - 2)?
-1
Calculate (-25 - -23) + (-2 - (-1 + 0)).
-3
Evaluate 7 + (-7 - -11 - (6 + 1)).
4
1 + -2 + -15 + -1 + 13
-4
What is the value of 2 + (-3 - 0) - -2?
1
What is the value of -3 + 6 + -1 + -1 - -6?
7
What is 1 + 1 - (-12 + (18 - 4))?
0
Evaluate -13 + 26 + -7 - (6 - 1).
1
Calculate 11 + 5 + -11 + (-8 - 0).
-3
What is 1 + (-2 - -6) + -3?
2
What is -6 + (-2 + 1 - (2 - 4))?
-5
Evaluate (5 + -6 - -11) + -6.
4
Calculate 4 - 0 - (-4 + 3).
5
What is the value of 1 + (9 + -8 - -2)?
4
What is -6 + (-5 - -6) + 2?
-3
What is 6 + -6 + 2 - 4?
-2
What is the value of -57 + 63 + 0 + 0?
6
Evaluate (-2 - -2) + (-2 - (2 - 2)).
-2
What is the value of 11 + (4 - 12) + (0 - -1)?
4
Calculate -6 + 0 - (4 + 0 - 7).
-3
Evaluate 35 + -43 + (1 - 1).
-8
Calculate 2 + (4 + -10 + 3 - 2).
-3
What is the value of -5 + (5 + 7 - 0)?
7
What is -3 - ((-3 - -1) + 2 + 0)?
-3
What is 6 - (2 + 3 + -10)?
11
What is the value of -9 + 2 + 98 + -95?
-4
Calculate 0 + -3 - (-13 - (12 + -22)).
0
Evaluate 3 - 5 - (2 + (2 - 3)).
-3
3 - (4 + 1) - (-4 - -6)
-4
2 + -2 + (5 - 0)
5
Calculate (11 - 1 - 21) + 6.
-5
What is 4 - 1 - 6 - -1?
-2
Evaluate 6 - 8 - -9 - 4.
3
9 + (5 - (13 + -1))
2
What is the value of 2 - (-4 + 2 + -1 + 1)?
4
Evaluate -7 - -1 - (-38 + 29).
3
What is -65 + 67 + (2 - 1)?
3
Evaluate -15 + 4 - -2 - -7.
-2
Evaluate -5 + (7 - 4 - 4).
-6
Evaluate -5 - 0 - -4 - 3.
-4
Calculate (-1 - 0 - -3) + 1.
3
Evaluate 1 + (-9 - -4) + 8 + -6.
-2
Calculate -6 - -1 - ((10 - 9) + -12).
6
-32 + 34 + (0 - -2 - 2)
2
What is the value of 0 + 1 + 1 + -9?
-7
What is (1 + 0 - (-6 - -9)) + 10?
8
What is the value of 0 + -4 + (0 - 1)?
-5
1 + -4 + 3 + 1 + 2
3
-3 + (1 - (0 - -6 - 8))
0
What is 11 + (0 - (3 - -4))?
4
Evaluate 2 + -7 + -5 + 14 + -8.
-4
Calculate -1 + (6 + 0 + -5 - -3).
3
Evaluate (-7 + -17 - -22) + -1 + 3.
0
Evaluate 3 + (1 - 1) - 1.
2
-10 + 8 + 7 + -2
3
-1 - (4 - (5 + 5))
5
What is 0 + 6 + (0 - (-4 - -7))?
3
Calculate 2 + -3 + -11 + 5 + 2.
-5
Evaluate 5 + -2 + 6 + (-2 - 3).
4
Evaluate 1 + -4 + (-2 - -10).
5
Evaluate -2 + (22 - 28) + -1 + 1.
-8
What is (12 - 1) + -17 - (-7 + 0)?
1
What is the value of -5 - (-2 + (2 - (-4 - -2)))?
-7
What is (18 - 4 - 4) + -7?
3
Calculate -3 - (-3 + 5 - 3).
-2
-1 + -4 + 4 + (-1 - 2)
-4
2 - (-1 - 0 - -1)
2
Calculate (-4 - -7) + -7 + -2.
-6
What is 1 + 1 - (26 - (21 + -1))?
-4
What is the value of (-5 - -5 - 1) + 3 - 7?
-5
4 + (-2 - (-1 - -9 - 4))
-2
What is (5 - 0) + (10 - (0 - -7))?
8
W